ose -2*l - 13*i + 10 = -9*i, 0 = 3*l + 2*i - 35. Let r = -15 + l. Let v(t) = -t**3 - t**2 + t. What is v(r)?
0
Let s(k) = k - 6. Suppose 1 = 2*z + j + 2, 3 = z + 4*j. Let p be (1 + (-1)/z)/(-2). Let m be (0/(-4 - p))/1. Determine s(m).
-6
Let w(f) = -f**2 - 5*f + 6. Suppose 2*j = -2*g - 4, j - 9 - 19 = 4*g. Let d be -1*g/(-2)*2. What is w(d)?
0
Let n(j) = j**2 - 5*j + 2. Let w(c) = 2*c**3 - 3*c**2 - c + 4. Let x be w(2). Determine n(x).
8
Let w(c) be the first derivative of -11*c**2/2 - 52. Calculate w(1).
-11
Suppose 5*y + 3*w + 25 = 0, 3*y - 20 = 7*y + 2*w. Let d(q) = -2*q - 16. What is d(y)?
-6
Let s(c) = c**3 - 8*c**2 + 8*c - 5. Suppose -2*z - 5*d = -34, -4*z - 45*d + 44 = -41*d. What is s(z)?
2
Let g = -204 + 211. Let z(q) = 4*q - 4. Give z(g).
24
Let v = -18 + 12. Let t(o) = -4*o - 6. Let d be t(v). Let y(x) = 7 + 2*x**2 - x**2 - d*x + 9*x. What is y(6)?
-11
Let w(v) = -3*v + 5. Suppose -4*a - 10 = 5*b + 3, 20 = 5*a - b. Let z be w(a). Let c(q) be the third derivative of -5*q**4/24 - q**3/2 + q**2. Calculate c(z).
17
Let g(u) be the first derivative of -u**7/840 + u**6/60 + u**5/60 - u**4/8 - 5*u**3/3 - 18. Let a(w) be the third derivative of g(w). Give a(6).
9
Let v(r) = 2*r - 1. Let q be 212/(-10) + (-5)/(-25). Let b = q + 16. What is v(b)?
-11
Let o be (-270)/36*(-8)/12. Let t(z) = -z**2 + 5*z + 7. What is t(o)?
7
Let n(k) = -2*k + 2. Suppose 6*t - 53 = 13. Let z(m) = 9*m - 10. Let d(o) = t*n(o) + 2*z(o). Determine d(2).
-6
Let b(m) = -3*m**3 + 53*m**2 - 16. Let n(y) = -y**3 + 17*y**2 - 5. Let i(d) = 2*b(d) - 7*n(d). What is i(13)?
3
Let b(c) be the third derivative of -c**6/120 + c**5/10 - 5*c**4/24 + c**3/2 - 202*c**2. What is b(5)?
3
Let s be ((-120)/70)/((-8)/28). Let x(u) be the first derivative of u**4/4 - 7*u**3/3 + 5*u**2/2 + 7*u - 1. Give x(s).
1
Let h(y) = 31*y + 3 - 36*y**2 + 21*y**2 + 0 - 32*y. Determine h(-2).
-55
Let w(u) = u**2 - 9*u + 3. Let q be (-2)/3 - (-80)/12. Let o(h) = -4 + 0*h + h**2 - 10*h + 8. Let i(n) = q*o(n) - 7*w(n). Give i(3).
3
Let q(a) be the first derivative of -13*a**2/2 + a + 1. Suppose 34*d + 54 - 20 = 0. Give q(d).
14
Suppose -7*h - 2 = -9*h - 4*g, -5*g - 4 = -4*h. Let p(r) = r + 2. Calculate p(h).
3
Let t(b) = -b**2 - 5*b - 3. Let c(r) = 33 - 3*r**2 + 2*r**2 + 12*r - 67. Let a be c(8). Determine t(a).
3
Let o be (-18)/28*(-126)/(-108)*-4. Let j(n) = n**3 - 2*n**2 - n + 6. What is j(o)?
12
Let g(a) = 4*a**2 - 3*a - 2. Let h(o) = o**2 - 15*o + 54. Let i be h(8). Determine g(i).
20
Suppose -9*o + 8*o = -u + 3, -4*o = 4. Let j(q) be the second derivative of 1/4*q**4 - 1/6*q**3 + q**2 + q + 0. What is j(u)?
12
Let m(i) = -i**2 + 5*i + 3. Let x(a) = -a**2 + 5*a - 1. Let u be x(6). Let v be u*(-1 - (2 + -2)). Determine m(v).
-11
Suppose 4*y + 2*j = 14, 0 = y + y - 5*j - 37. Let q(k) = -8*k**2 + 45*k - 5 - 41*k + 2*k**2 + k**3. Determine q(y).
19
Let x(c) = c**2 + 9*c - 12. Let h be x(-10). Let m(g) = 2*g**2 - 2*g. What is m(h)?
12
Let x(b) = 4*b**2 - 2*b - 1. Let h be (-2)/5*(-1 - (-13 - -7)). Determine x(h).
19
Let w(l) = 37 - 112 + 40 + 34 - 17*l. Suppose -5 = -4*k - k. Give w(k).
-18
Let b = -10 + 8. Let p(y) = 1 + 1 + 3 + y - 2. Give p(b).
1
Let b = 1816 + -1821. Let a(l) = -4*l**2 - 10*l + 2. Calculate a(b).
-48
Let t be 7*(-2)/6*-3. Suppose -1 = -b, -l + 3*b - t*b + 5 = 0. Let y(q) = 15*q**3 - 2*q + 1. What is y(l)?
14
Let i(n) be the second derivative of n**5/20 + n**4/3 - n**2/2 + n. Let p(f) = f**3 + 8*f**2 + 12*f - 4. Let z = -39 - -33. Let c be p(z). What is i(c)?
-1
Let b(h) = h + 1. Let v be 27/(-6)*-5*(-2 - 2). Let i = -93 - v. Calculate b(i).
-2
Suppose -2*r + 15 - 45 = 0. Let z = 27 + r. Let l(t) = 5*t**2 + z - 4*t**2 - 6 + 7*t. What is l(-6)?
0
Let d(l) = l**3 + l**2 - 5. Let r be (-18)/30 + (-47)/5. Let w = -1 + r. Let g be 0/1*w/22. Calculate d(g).
-5
Let d(m) = -10*m - 159. Let y be d(-15). Let x(o) = o**3 + 9*o**2 - 2*o - 19. Calculate x(y).
-1
Let m(r) = -r**2 + 12*r + 50. Suppose -2*w - 6*u + 9*u + 30 = 0, 0 = -5*u. Give m(w).
5
Let j(s) be the third derivative of -7*s**6/720 + s**5/40 - 17*s**4/24 - 12*s**2. Let r(q) be the second derivative of j(q). Determine r(2).
-11
Let k(i) = -i**3 + i**2 + 3. Let a(w) be the third derivative of -w**4/12 + 11*w**3/3 - 17*w**2. Let t be a(11). Calculate k(t).
3
Let m be -3*1/6*-4. Suppose 2*k = -m*k + b + 51, 4 = 4*b. Let c(v) = 0*v - 5 + 2*v - 3*v + k. Give c(5).
3
Let y = -32 + 29. Let v(q) = -q**2 - 5*q - 2. Give v(y).
4
Let n = 291 - 296. Let i(q) = q**3 + 6*q**2 + 9*q + 9. Calculate i(n).
-11
Suppose 0 = 4*x - 3*x + t - 2, -2*t - 14 = -x. Let k = 5 - x. Let g(i) = -i + 1. Let l(m) = -6*m - 2. Let c(o) = k*l(o) + 4*g(o). Calculate c(-6).
-6
Let a be (-199 - 3)/(0 + -1). Suppose -201*i + a*i = -1. Let x(r) = -5*r - 1. Determine x(i).
4
Suppose -w = 2*z + 20, -z = 6*w - 2*w + 24. Let b(a) = -2*a - 4. Give b(z).
12
Let z be (-3)/9 + 4/12. Let a(i) = -4*i - 1 + 3*i + 2*i + z*i. Give a(5).
4
Let r be -2*1*(-5)/(-10). Let v be ((-6)/12)/(1/6). Let z = v - r. Let w(b) = 2*b - 2. Determine w(z).
-6
Let n(d) be the second derivative of d**5/20 + d**4/2 - 5*d**3/6 + 7*d**2/2 - 2*d + 23. What is n(-7)?
-7
Let n(v) = -2*v. Suppose -2*b - 4*b = 6. What is n(b)?
2
Suppose -59 = 2*p - 61, 2*p = -4*l + 2. Let c(o) be the second derivative of 2*o + 0 - 1/6*o**3 + l*o**2. Give c(1).
-1
Let l(r) = 24*r + 3. Let i(t) = -34*t + 236. Let d be i(7). What is l(d)?
-45
Let d(u) = -1 - u**2 - 2 + 4 + 6*u. Let p(a) = a**2 - 6*a + 3. Let k be p(0). Calculate d(k).
10
Let m be 12 - 0*5/(-10). Let h(g) = m*g - 2 + 1 - 14*g. Let w be ((-10)/(-4))/(4/8). Give h(w).
-11
Let x(y) = y**3 - 6*y**2 + 4*y - 10. Let i = 59 - 54. Calculate x(i).
-15
Let m(k) be the second derivative of -k**7/420 - k**6/90 - k**5/60 - 5*k**3/6 + 13*k. Let a(n) be the second derivative of m(n). What is a(-2)?
4
Let y(q) = -2*q + 3. Let a = 7 + -13. What is y(a)?
15
Let q(u) = -2*u - 6. Let s be q(13). Let n be s/(-14) - 24/84. Suppose -n*j - 5 + 1 = 0, -j + 2 = -2*w. Let k(g) = -g - 3. Calculate k(w).
-1
Let t be (-1)/((3 + -2)/(-2)). Let y(o) = 509*o - o**t - 509*o - o**3. Determine y(-1).
0
Let p = -58 - -59. Let c(z) = -4*z + 1. What is c(p)?
-3
Let h(g) be the second derivative of -9*g**5/10 + g**4/12 + g**3/6 + g**2/2 + 43*g. Determine h(-1).
19
Let q(j) = 2*j - 6. Let k(i) = 34*i**2 - i - 2. Let s be k(-1). Suppose 38*x - s*x - 25 = 0. Calculate q(x).
4
Let d(j) = 3*j. Let p(g) = g**2 - 21*g + 102. Let i be p(14). Give d(i).
12
Let u(l) be the first derivative of -13*l**3/3 + l**2 - l + 1. Let z(x) = x**2 - 11*x + 23. Let p be z(7). Let j be p/(-2) - (-6)/(-4). Calculate u(j).
-12
Let q(x) = -x + 1. Suppose 3*w - 21 = -w - 5*g, 0 = 4*w - 5*g + 29. Determine q(w).
2
Suppose 2*y - 2*l + 14 = 0, -3*y + 2*l + 10 = 27. Let b(i) = i**3 + 4*i**2 + 2*i + 1. What is b(y)?
4
Let y = -79 + 83. Suppose y*u = 3*m + 1 + 2, -3*m = -2*u + 3. Let r(z) = 7*z**2 + 2*z + 1. Calculate r(m).
6
Let b = 72 - 70. Suppose 0*d = 2*d - 2. Let w(x) = -x**3 + x**2 - x - 1. Let t(n) = 3*n**3 - 9*n**2 + 7*n + 2. Let p(z) = b*w(z) + d*t(z). Determine p(6).
-6
Suppose 5*p = p - 16. Suppose -5*y - 3*f + 19 = 2, y + 4*f = 17. Let a(k) = -12*k + 16*k - 3 + k**2 + y. What is a(p)?
-2
Let l(q) be the second derivative of -7/12*q**4 - q**3 - 1/20*q**5 + 0 + 0*q**2 + 2*q. Let s(n) = n**3 + 7*n**2 - 8*n - 6. Let h be s(-8). Determine l(h).
0
Let c(h) = -16*h + 390. Let r be c(24). Let m(k) be the third derivative of 1/6*k**4 + 0*k - 7*k**2 + 1/120*k**r + 0 + 1/10*k**5 + 3/2*k**3. Calculate m(-6).
-15
Let c(z) = -14 - 15 - 19 - 7 - 14 - 3*z. Give c(-21).
-6
Let p = 63 - 165. Let f = 101 + p. Let q(b) be the first derivative of -b**4 + 2*b**3/3 - b - 1. Determine q(f).
5
Let l(u) be the second derivative of u**6/360 + u**5/60 - u**4/8 + 9*u**3/2 - 31*u. Let o(x) be the second derivative of l(x). Determine o(-4).
5
Suppose 2*g = 11 - 7. Suppose u = 0, 3*u = -4*k + g*k + 10. Let w(d) = -d - 5*d + 4 + 1 + d**2. What is w(k)?
0
Let t(v) be the third derivative of 0*v + 0 - 1/120*v**6 + 1/2*v**3 - 1/12*v**4 + v**2 + 7/60*v**5. Calculate t(7).
-11
Suppose 2*v - 2 = 4. Suppose 5*q - 4 = 4*l, -l + 2 = 3*q - v*l. Let y(j) = -j**3 - j**2 - 7. Calculate y(q).
-7
Let o(k) = -8*k + 1. Let y be 2*3 - (-4)/(-24)*6. Suppose 1 - 11 = y*j. Determ